{"id":86,"date":"2018-02-06T09:29:05","date_gmt":"2018-02-06T08:29:05","guid":{"rendered":"http:\/\/xn--riveraindecarrire-6sb.be\/?page_id=86"},"modified":"2023-05-21T14:47:00","modified_gmt":"2023-05-21T12:47:00","slug":"legislation-belge-wallonie","status":"publish","type":"page","link":"https:\/\/xn--riveraindecarrire-6sb.be\/index.php\/legislation\/legislation-belgique\/legislation-belge-wallonie\/","title":{"rendered":"Droit belge Wallonie"},"content":{"rendered":"<p><span style=\"text-decoration: underline;\"><strong>1<\/strong><strong>\/ L\u00e9gislation wallonne en mati\u00e8re d&rsquo;exploitation de carri\u00e8res (environnement)<\/strong><\/span><\/p>\n<p>Nous pr\u00e9senterons<\/p>\n<ul>\n<li>la r\u00e9glementation ancienne pr\u00e9vue par le d\u00e9cret du 27 octobre 1988 sur les carri\u00e8res .<\/li>\n<li>la r\u00e9glementation actuelle d\u00e9taill\u00e9e dans le d\u00e9cret du 11 mars 1999 sur le permis d&rsquo;environnement<\/li>\n<\/ul>\n<p>L&rsquo;historique est important, car de nombreuses carri\u00e8res ont vu leurs permis d\u00e9livr\u00e9s sous d&rsquo;anciennes r\u00e9glementations (y compris AR 16\/01\/1899 et\u00a0 Titre premier du RGPT) en mati\u00e8re d&rsquo;exploitation.<\/p>\n<p><strong><span style=\"text-decoration: underline;\">1.1\/ D\u00e9cret du 27 octobre 1988 sur les carri\u00e8res<\/span><\/strong><\/p>\n<p><strong><span style=\"text-decoration: underline;\">1.1.1\/ D\u00e9cret<\/span><span style=\"text-decoration: underline;\"> du 27 octobre 1988 sur les carri\u00e8res<\/span><\/strong><\/p>\n<p>La r\u00e9glementation sur l\u2019exploitation des carri\u00e8res a fait l&rsquo;objet d&rsquo;un d\u00e9cret du 27 octobre 1988, que l&rsquo;on trouvera ci-apr\u00e8s:\u00a0<a href=\"http:\/\/xn--riveraindecarrire-6sb.be\/wp-content\/uploads\/2018\/02\/D\u00e9cret-27-octobre-1988-sur-les-carri\u00e8res.pdf\">D\u00e9cret 27 octobre 1988 sur les carri\u00e8res<\/a><\/p>\n<p>Les mesures d\u2019ex\u00e9cution ont \u00e9t\u00e9 fix\u00e9es par l&rsquo;arr\u00eat\u00e9 du 31 mai 1990 que l&rsquo;on trouvera ci-apr\u00e8s:\u00a0<a href=\"http:\/\/xn--riveraindecarrire-6sb.be\/wp-content\/uploads\/2018\/02\/Arr-GW-31-mai-1990-sur-d\u00e9cret-1989-carri\u00e8res.pdf\">Arr GW 31 mai 1990 sur d\u00e9cret 1988 carri\u00e8res<\/a><\/p>\n<p>Le d\u00e9cret et son arr\u00eat\u00e9 ont pr\u00e9vu un syst\u00e8me de permis d&rsquo;extraction qui valait tant en tant que permis d&rsquo;exploiter (actuellement appel\u00e9 permis d&rsquo;environnement) qu&rsquo;en tant que permis d&rsquo;urbanisme en vue de modifier le relief du sol.<\/p>\n<p><strong><span style=\"text-decoration: underline;\">1.1.2\/ D\u00e9cret du 23 d\u00e9cembre 1993 sur les carri\u00e8res<\/span><\/strong><\/p>\n<p>Nous venons maintenant \u00e0 la probl\u00e9matique qui a d\u00e9fray\u00e9 la chronique carri\u00e8re dans les ann\u00e9es nonantes , \u00e0 savoir le cas des carri\u00e8res qui avaient un donn\u00e9 acte (AR 16\/01\/1899) ou une autorisation (RGPT) sans avoir de permis d&rsquo;urbanisme en vue de modifier le relief du sol, en application de la loi de 1962 sur l&rsquo;am\u00e9nagement du territoire ou du CWATUPE (voir les rubriques \u00e0 ce niveau sur le pr\u00e9sente site).<\/p>\n<p>Le d\u00e9cret du 23 d\u00e9cembre 1993 a r\u00e9gl\u00e9 la probl\u00e9matique \u00e0 dater de son entre en vigueur au 1er f\u00e9vrier 1994 en pr\u00e9voyant une p\u00e9riode d une ann\u00e9e en vue de permettre aux carri\u00e8res d\u00e9pourvues de permis d&rsquo;urbanisme en vue de modifier le relief du sol, d&rsquo;introduire une demande dans l&rsquo;ann\u00e9e et de continuer \u00e0 travailler pendant cinq\u00a0 ann\u00e9es dans l&rsquo;attente du permis d&rsquo;urbanisme.<\/p>\n<p><a href=\"http:\/\/xn--riveraindecarrire-6sb.be\/wp-content\/uploads\/2018\/02\/Decret-RW-23-12-1993-MB.pdf\">D\u00e9cret RW 23-12-1993 &#8211; MB<\/a><\/p>\n<p><a href=\"http:\/\/xn--riveraindecarrire-6sb.be\/wp-content\/uploads\/2018\/02\/Decret-RW-23-12-1993-TP.pdf\">D\u00e9cret RW 23-12-1993 &#8211; TP<\/a><\/p>\n<p>La cour de cassation a tranch\u00e9 la probl\u00e9matique pour la p\u00e9riode pr\u00e9c\u00e9dent le d\u00e9cret du 23 d\u00e9cembre 1993, dans son arr\u00eat du 19 septembre 2002 (C.01.414.F) en cause Ville de Bastogne\/Carri\u00e8res sur les roches):<\/p>\n<p><em>\u00ab\u00a0Que, d\u00e8s lors, \u00e0 d\u00e9faut d\u2019\u00eatre couverte par un permis d\u2019extraction, l\u2019exploitation d\u2019une carri\u00e8re \u00e9tait, comme en l\u2019esp\u00e8ce, soumise \u00e0 un permis d\u2019exploiter et \u00e0 un permis de b\u00e2tir\u00a0\u00bb.<\/em><\/p>\n<p>Que, dans ce m\u00eame arr\u00eat, la Cour de cassation a \u00e9galement dit pour droit :<\/p>\n<p><em>\u00ab\u00a0Attendu que l\u2019arr\u00eat, qui consid\u00e8re que la d\u00e9fenderesse ne devait pas \u00eatre titulaire d\u2019un permis de b\u00e2tir\u00a0 au motif que la l\u00e9gislation relative \u00e0 ce permis\u00a0 n\u2019est entr\u00e9e en vigueur qu\u2019en 1995, ne justifie pas l\u00e9galement sa d\u00e9cision\u00a0\u00bb.<\/em><\/p>\n<p><a href=\"http:\/\/xn--riveraindecarrire-6sb.be\/wp-content\/uploads\/2018\/02\/Cass-19-09-2002-Carrieres-sur-les-roches.pdf\">Cass 19-09-2002 &#8211; Carri\u00e8res sur les roches<\/a><\/p>\n<p><strong><span style=\"text-decoration: underline;\">1.2\/ D\u00e9cret du 4 juillet 2002 soumettant les carri\u00e8res au r\u00e9gime du permis d&rsquo;environnement pr\u00e9vu par le d\u00e9cret du 11 mars 1999<\/span><\/strong><\/p>\n<p><strong><span style=\"text-decoration: underline;\">1.2.1\/ D\u00e9cret du 4 juillet 2002<\/span><\/strong><\/p>\n<p>La r\u00e9glementation concernant l&rsquo;exploitation des carri\u00e8res a \u00e9t\u00e9 soumise depuis 2002 au r\u00e9gime du permis d&rsquo;environnement instaur\u00e9 par le d\u00e9cret du 11 mars 1999 sur le permis d&rsquo;environnement.<\/p>\n<p><a href=\"http:\/\/xn--riveraindecarrire-6sb.be\/wp-content\/uploads\/2018\/02\/Decret-4-juillet-2002-sur-les-carrirees.pdf\">D\u00e9cret 4 juillet 2002 sur les carri\u00e8res<\/a><\/p>\n<p><a href=\"http:\/\/xn--riveraindecarrire-6sb.be\/wp-content\/uploads\/2018\/02\/ARr-GW-30-09-2010-sur-CRAEC.pdf\">Arr GW 30-09-2010 sur CRAEC<\/a><\/p>\n<p><a href=\"http:\/\/xn--riveraindecarrire-6sb.be\/wp-content\/uploads\/2018\/02\/372_1.pdf\">372_1<\/a><\/p>\n<p><a href=\"http:\/\/xn--riveraindecarrire-6sb.be\/wp-content\/uploads\/2018\/02\/372_3.pdf\">372_3<\/a><\/p>\n<p><strong><span style=\"text-decoration: underline;\">1.2.2\/ Arr\u00eat\u00e9s relatifs \u00e0 l&rsquo;exploitation de carri\u00e8res<\/span><\/strong><\/p>\n<p><strong><span style=\"text-decoration: underline;\">1.2.2.1\/ Arr\u00eat\u00e9 du gouvernement wallon du 4 juillet 2002 sur les conditions g\u00e9n\u00e9rales d&rsquo;exploitation des \u00e9tablissements class\u00e9s<\/span><\/strong><\/p>\n<p>Les carri\u00e8res doivent tout d&rsquo;abord satisfaire aux conditions g\u00e9n\u00e9rales d&rsquo;exploitation applicables \u00e0 tous les \u00e9tablissements class\u00e9s: <a href=\"http:\/\/xn--riveraindecarrire-6sb.be\/wp-content\/uploads\/2018\/02\/Arr-GW-04-07-2002-sur-conditions-exploitation.pdf\">Arr GW 04-07-2002 sur conditions exploitation<\/a><\/p>\n<p>Ces conditions doivent, sauf d\u00e9passement exceptionnel, \u00e9galement \u00eatre respect\u00e9es, comme le conseil d&rsquo;\u00e9tat l&rsquo;a encore rappel\u00e9 r\u00e9cemment: <a href=\"http:\/\/xn--riveraindecarrire-6sb.be\/wp-content\/uploads\/2018\/02\/252998.pdf\">252998<\/a><\/p>\n<p><strong><span style=\"text-decoration: underline;\">1.2.2.2\/ Arr\u00eat\u00e9 du gouvernement wallon du 17 juillet 2003 sur les conditions sectorielles carri\u00e8res\u00a0<\/span><\/strong><\/p>\n<p>Le d\u00e9cret pr\u00e9voit ensuite des conditions sectorielles pour l&rsquo;exploitation des diff\u00e9rents \u00e9tablissements class\u00e9s.<\/p>\n<p>Les carri\u00e8res doivent satisfaire aux conditions sectorielles, dont on trouvera ci-apr\u00e8s l&rsquo;arr\u00eat\u00e9 du 17 juillet 2003 pr\u00e9cisant les conditions sectorielles pour l&rsquo;exploitation des carri\u00e8res:<\/p>\n<p><a href=\"http:\/\/xn--riveraindecarrire-6sb.be\/wp-content\/uploads\/2018\/02\/Arr-GW-17-juillet-2003-cond-sect-carrir\u00e8es.pdf\">Arr GW 17 juillet 2003 cond sect carri\u00e8res<\/a><\/p>\n<p><span style=\"text-decoration: underline;\"><strong>1.2.3\/ Rubriques de classement des activit\u00e9s de carri\u00e8re<\/strong><\/span><\/p>\n<p><span style=\"text-decoration: underline;\">1.2.3.1\/ Rubrique de classement des activit\u00e9s d&rsquo;extraction de carri\u00e8re<\/span><\/p>\n<p>On trouvera ci-apr\u00e8s les rubriques de classement qui concernent l&rsquo;exploitation des carri\u00e8res: <a href=\"http:\/\/xn--riveraindecarrire-6sb.be\/wp-content\/uploads\/2018\/02\/14-00-01.pdf\">14-00-01<\/a><\/p>\n<p><span style=\"text-decoration: underline;\">1.2.3.2\/ Classification des forages de reconnaissance g\u00e9ologique<\/span><\/p>\n<p>La mati\u00e8re des forages de reconnaissance g\u00e9ologique ne semble pas avoir fait l&rsquo;objet de conditions sectorielles.<\/p>\n<p>On trouvera ci-apr\u00e8s la rubrique de classification: <a href=\"http:\/\/xn--riveraindecarrire-6sb.be\/wp-content\/uploads\/2018\/02\/74-30-03.pdf\">74-30-03<\/a><\/p>\n<p>On sera attentif au fait que les entreprises de forage doivent \u00eatre agr\u00e9es, comme indiqu\u00e9 ci-apr\u00e8s: <a href=\"http:\/\/xn--riveraindecarrire-6sb.be\/wp-content\/uploads\/2018\/02\/Forages-RW.pdf\">Forages &#8211; RW<\/a><\/p>\n<p><span style=\"text-decoration: underline;\">1.2.3.3\/ Classification des d\u00e9p\u00f4ts d&rsquo;explosifs<\/span><\/p>\n<p>La mati\u00e8re des d\u00e9p\u00f4t d&rsquo;explosifs ne semble pas avoir fait l&rsquo;objet de conditions sectorielles.<\/p>\n<p>La classification des d\u00e9p\u00f4ts des explosifs est la suivante: <a href=\"http:\/\/xn--riveraindecarrire-6sb.be\/wp-content\/uploads\/2018\/02\/63-12-06.pdf\">63-12-06<\/a><\/p>\n<p><strong><span style=\"text-decoration: underline;\">1.2.4\/<\/span><span style=\"text-decoration: underline;\"> Arr\u00eat\u00e9 du gouvernement wallon du 27 mai 2009 portant conditions sectorielles et int\u00e9grales des installations de gestion de d\u00e9chets d\u2019extraction<\/span><\/strong><\/p>\n<p>La r\u00e9glementation wallonne de la gestion des d\u00e9chets de l\u2019industrie extractive trouve sa source dans la Directive UE 2006-21 du parlement et du conseil, pr\u00e9sent\u00e9e dans la rubrique ayant trait au droit de l&rsquo;Union Europ\u00e9enne.<\/p>\n<p>Cette directive a \u00e9t\u00e9 transpos\u00e9e partiellement par le d\u00e9cret du 18 d\u00e9cembre 2008, que l&rsquo;on trouvera ci-apr\u00e8s:\u00a0<a href=\"http:\/\/xn--riveraindecarrire-6sb.be\/wp-content\/uploads\/2018\/02\/D\u00e9cret-wallon-18-12-2008-sur-gestion-d\u00e9chet-industrie-extractive.pdf\">D\u00e9cret wallon 18-12-2008 sur gestion d\u00e9chet industrie extractive<\/a><\/p>\n<p>Ce d\u00e9cret \u00e0 fait l&rsquo;objet de mesures d&rsquo;application pr\u00e9cis\u00e9es dans l\u2019arr\u00eat\u00e9 du gouvernement wallon du 27 mai 2009 portant conditions sectorielles et int\u00e9grales des installations de gestion de d\u00e9chets d\u2019extraction et relatif au suivi apr\u00e8s fermeture et modifiant l\u2019arr\u00eat\u00e9 du gouvernement wallon du 27 f\u00e9vrier 2003 fixant les conditions sectorielles des centres d\u2019enfouissement techniques (M.B. 20\/08\/2009), que l&rsquo;on trouvera ci-apr\u00e8s:\u00a0<a href=\"http:\/\/xn--riveraindecarrire-6sb.be\/wp-content\/uploads\/2018\/02\/Arr-GW-27-05-2009-sur-gestion-d\u00e9chet-extraction.pdf\">Arr GW 27-05-2009 sur gestion d\u00e9chet extraction<\/a><\/p>\n<p>Les dispositions de l\u2019arr\u00eat\u00e9 pr\u00e9voient, entre autres, les obligations suivantes\u00a0:<\/p>\n<ul>\n<li>l\u2019\u00e9laboration d\u2019un plan de gestion de d\u00e9chets (articles 5 et svts)<\/li>\n<li>l\u2019\u00e9laboration de plans en vue de la pr\u00e9vention des accidents majeurs et informations (articles 9 et svts)<\/li>\n<li>une proc\u00e9dure de fermeture et suivi apr\u00e8s fermeture (articles 15 et svts)<\/li>\n<li>une garantie financi\u00e8re (article 26 et svts), sous la r\u00e9serve du report de la date au 1<sup>er<\/sup> mai 2014<\/li>\n<li>l\u2019instauration d\u2019une surveillance (articles 29 et svts).<\/li>\n<\/ul>\n<p>La rubrique de classement d&rsquo;un installation de gestion de d\u00e9chets d&rsquo;extraction est la suivante::\u00a0<a href=\"http:\/\/xn--riveraindecarrire-6sb.be\/wp-content\/uploads\/2018\/02\/90-27-01.pdf\">90-27-01<\/a><\/p>\n<p>Pour les installations existantes au 1er mai 2008, l\u2019article 32 de l&rsquo;arr\u00eat\u00e9 du 27 mai 2009\u00a0 pr\u00e9cise :<\/p>\n<p><em>\u00ab\u00a0Les installations de gestion de d\u00e9chets qui sont en exploitation au 1<sup>er<\/sup> mai 2008 satisfont aux dispositions du pr\u00e9sent arr\u00eat\u00e9 au plus tard le 1<sup>er<\/sup> mai 2012, \u00e0 l\u2019exception <\/em><\/p>\n<p><em>\u00a0\u00a0\u00a0\u00a0\u00a0\u00a0\u00a0\u00a0\u00a0\u00a0\u00a0 1\u00b0 des dispositions de l\u2019article 26 auxquelles il faut satisfaire au plus tard le 1<sup>er<\/sup> mai 2014<\/em><\/p>\n<p><em>\u00a0\u00a0\u00a0\u00a0\u00a0\u00a0\u00a0\u00a0\u00a0\u00a0\u00a0 2\u00b0 des dispositions de l\u2019article 24 auxquelles il faut satisfaire conform\u00e9ment au calendrier qui y est indiqu\u00e9.\u00a0\u00bb<\/em><\/p>\n<p>L&rsquo;arr\u00eat\u00e9 minist\u00e9riel du 6 juin 2019 a pr\u00e9vu un formulaire relatif \u00e0 la demande de permis pour installation de gestion de d\u00e9chets d&rsquo;extraction:<\/p>\n<p><a href=\"http:\/\/xn--riveraindecarrire-6sb.be\/wp-content\/uploads\/2018\/02\/1-18-FormulaireInstallationGestionDechetsExtraction.pdf\">1-18-FormulaireInstallationGestionDechetsExtraction<\/a><\/p>\n<p><strong><span style=\"text-decoration: underline;\">2\/ L\u00e9gislation wallonne en mati\u00e8re d&rsquo;urbanisme<\/span><\/strong><\/p>\n<p><span style=\"text-decoration: underline;\"><strong>2.1\/ Code wallon d&rsquo;am\u00e9nagement du territoire, de l&rsquo;urbanisme et du patrimoine et de l&rsquo;\u00e9nergie (CWATUPE)<\/strong><\/span><\/p>\n<p>Le Code Wallon de l\u2019Am\u00e9nagement du Territoire, de l\u2019Urbanisme, du Patrimoine et de l\u2019Energie (Cwatupe \u2013 MB 25 mai 1984) a remplac\u00e9, en 1984, pour ce qui concerne la r\u00e9gion wallonne, la loi du 29 mars 1962 organique de l\u2019am\u00e9nagement du territoire et de l\u2019urbanisme.<\/p>\n<p>L\u2019obligation d\u2019obtenir un permis en vue de modifier sensiblement le relief du sol a toutefois \u00e9t\u00e9 reprise \u00e0 l\u2019article 84 du Cwatupe qui indique<\/p>\n<p><em>Art. 84. \u00a7 1er. Nul ne peut, sans un permis d\u2019urbanisme pr\u00e9alable \u00e9crit et expr\u00e8s (du coll\u00e8ge communal, du fonctionnaire d\u00e9l\u00e9gu\u00e9 ou du Gouvernement : <\/em><\/p>\n<p><em>(\u2026)<\/em><\/p>\n<p><em>8\u00b0 modifier sensiblement le relief du sol ;<\/em><\/p>\n<p><em>(\u2026)\u00a0\u00bb<\/em><\/p>\n<p><span style=\"text-decoration: underline;\"><strong>2.2\/ Code de d\u00e9veloppement territorial (CODT)<\/strong><\/span><\/p>\n<p>Le CODT a remplac\u00e9 en 2017 le Cwatupe<\/p>\n<p>L\u2019obligation d\u2019obtenir un permis en vue de modifier sensiblement le relief du sol a, l\u00e0 encore, \u00e9t\u00e9 reprise \u00e0 l\u2019article D-IV-4 du CODT, lequel prescrit :<\/p>\n<p><em>\u00ab\u00a0Sont soumis \u00e0 permis d\u2019urbanisme pr\u00e9alable \u00e9crit et expr\u00e8s, de l\u2019autorit\u00e9 comp\u00e9tente, les actes et travaux suivants\u00a0:<\/em><\/p>\n<p><em>(\u2026)<\/em><\/p>\n<p><em>9\u00b0\u00a0modifier sensiblement le relief du sol\u00a0; le Gouvernement peut d\u00e9finir la notion de modification sensible du relief du sol\u00a0;<\/em><\/p>\n<p><em>\u00a0<\/em><em>(\u2026)\u00a0\u00bb<\/em>.<\/p>\n<p><em>\u00a0<\/em>L\u2019article R-IV-4-3 du CODT fixe la modification sensible du relief du sol \u00e0 50 cm ou 40 m3.<\/p>\n<p><span style=\"text-decoration: underline;\"><strong>3\/ L\u00e9gislation sur la conservation de la nature<\/strong><\/span><\/p>\n<p>La loi du 12 juillet 1973, r\u00e9gionalis\u00e9e, contient les dispositions en mati\u00e8re de conservation de la nature<\/p>\n<p><a href=\"http:\/\/xn--riveraindecarrire-6sb.be\/wp-content\/uploads\/2023\/05\/Loi-12-JUILLET-1973-sur-conservation-nature.pdf\">Loi 12 JUILLET 1973 sur conservation nature<\/a><\/p>\n<p>On trouvera ci-apr\u00e8s l&rsquo;arr\u00eat\u00e9 du 20 novembre 2003, qui encadre les d\u00e9rogations aux esp\u00e8ces, \u00e0 l&rsquo;exception des oiseaux<\/p>\n<p><a href=\"http:\/\/xn--riveraindecarrire-6sb.be\/wp-content\/uploads\/2023\/05\/AR-20-NOVEMBRE-2003.pdf\">AR 20 NOVEMBRE 2003<\/a><\/p>\n","protected":false},"excerpt":{"rendered":"<p>1\/ L\u00e9gislation wallonne en mati\u00e8re d&rsquo;exploitation de carri\u00e8res (environnement) Nous pr\u00e9senterons la r\u00e9glementation ancienne pr\u00e9vue par le d\u00e9cret du 27 octobre 1988 sur les carri\u00e8res . la r\u00e9glementation actuelle d\u00e9taill\u00e9e dans le d\u00e9cret du 11 mars 1999 sur le permis d&rsquo;environnement L&rsquo;historique est important, car de nombreuses carri\u00e8res ont vu leurs permis d\u00e9livr\u00e9s sous d&rsquo;anciennes &hellip; <\/p>\n<p class=\"link-more\"><a href=\"https:\/\/xn--riveraindecarrire-6sb.be\/index.php\/legislation\/legislation-belgique\/legislation-belge-wallonie\/\" class=\"more-link\">Continuer la lecture<span class=\"screen-reader-text\"> de &laquo;&nbsp;Droit belge Wallonie&nbsp;&raquo;<\/span><\/a><\/p>\n","protected":false},"author":1,"featured_media":0,"parent":82,"menu_order":0,"comment_status":"closed","ping_status":"closed","template":"","meta":[],"_links":{"self":[{"href":"https:\/\/xn--riveraindecarrire-6sb.be\/index.php\/wp-json\/wp\/v2\/pages\/86"}],"collection":[{"href":"https:\/\/xn--riveraindecarrire-6sb.be\/index.php\/wp-json\/wp\/v2\/pages"}],"about":[{"href":"https:\/\/xn--riveraindecarrire-6sb.be\/index.php\/wp-json\/wp\/v2\/types\/page"}],"author":[{"embeddable":true,"href":"https:\/\/xn--riveraindecarrire-6sb.be\/index.php\/wp-json\/wp\/v2\/users\/1"}],"replies":[{"embeddable":true,"href":"https:\/\/xn--riveraindecarrire-6sb.be\/index.php\/wp-json\/wp\/v2\/comments?post=86"}],"version-history":[{"count":29,"href":"https:\/\/xn--riveraindecarrire-6sb.be\/index.php\/wp-json\/wp\/v2\/pages\/86\/revisions"}],"predecessor-version":[{"id":5052,"href":"https:\/\/xn--riveraindecarrire-6sb.be\/index.php\/wp-json\/wp\/v2\/pages\/86\/revisions\/5052"}],"up":[{"embeddable":true,"href":"https:\/\/xn--riveraindecarrire-6sb.be\/index.php\/wp-json\/wp\/v2\/pages\/82"}],"wp:attachment":[{"href":"https:\/\/xn--riveraindecarrire-6sb.be\/index.php\/wp-json\/wp\/v2\/media?parent=86"}],"curies":[{"name":"wp","href":"https:\/\/api.w.org\/{rel}","templated":true}]}}