{"id":84,"date":"2018-02-06T09:28:45","date_gmt":"2018-02-06T08:28:45","guid":{"rendered":"http:\/\/xn--riveraindecarrire-6sb.be\/?page_id=84"},"modified":"2024-07-15T21:14:02","modified_gmt":"2024-07-15T19:14:02","slug":"legislation-belge-federale","status":"publish","type":"page","link":"https:\/\/xn--riveraindecarrire-6sb.be\/index.php\/legislation\/legislation-belgique\/legislation-belge-federale\/","title":{"rendered":"Droit belge f\u00e9d\u00e9ral"},"content":{"rendered":"<p><strong><span style=\"text-decoration: underline;\">1\/ L\u00e9gislation belge f\u00e9d\u00e9rale sur l&rsquo;exploitation des carri\u00e8res (Environnement)<\/span><\/strong><\/p>\n<p><span style=\"text-decoration: underline;\">1.1\/ P\u00e9riode pr\u00e9c\u00e9dant la r\u00e9volution<\/span><\/p>\n<p>On trouvera ci-apr\u00e8s l&rsquo;excellente chronique historique des l\u00e9gislations en mati\u00e8re de mines et carri\u00e8res, r\u00e9dig\u00e9e par Monsieur Michel Mainjot, dont en particulier les \u00e9bauches de textes pr\u00e9c\u00e9dant la r\u00e9volution<\/p>\n<p><a href=\"http:\/\/xn--riveraindecarrire-6sb.be\/wp-content\/uploads\/2018\/02\/LegislationMines.pdf\">LegislationMines<\/a><\/p>\n<p><span style=\"text-decoration: underline;\">1.2\/ Loi du 28 juillet 1791 sur les mines et mini\u00e8res<\/span><\/p>\n<p>La loi du 28 juillet 1791 ne concerne que les mines et les mini\u00e8res, que nous reproduisons n\u00e9anmoins ci-apr\u00e8s par int\u00e9r\u00eat pour la suite quant \u00e0 la loi du 21 avril 1810<\/p>\n<p><a href=\"http:\/\/xn--riveraindecarrire-6sb.be\/wp-content\/uploads\/2018\/02\/Loi-du-28-juillet-1791-sur-les-mines-et-minieres.pdf\">Loi du 28 juillet 1791 sur les mines et mini\u00e8res<\/a><\/p>\n<p><span style=\"text-decoration: underline;\">1.3\/ Loi du 21 avril 1810<\/span><\/p>\n<p>Cette loi marque une \u00e9tape cl\u00e9 dans la r\u00e9glementation en mati\u00e8re de carri\u00e8res, tout en pr\u00e9voyant pas de mesures d&rsquo;enregistrement des carri\u00e8res<\/p>\n<p><a href=\"http:\/\/xn--riveraindecarrire-6sb.be\/wp-content\/uploads\/2018\/02\/Loi-du-21-avril-1810-sur-les-mines-minieres-et-carrieres.pdf\">Loi du 21 avril 1810 sur les mines, mini\u00e8res et carri\u00e8res<\/a><\/p>\n<p><span style=\"text-decoration: underline;\">1.4\/ D\u00e9cret imp\u00e9rial du 15 octobre 1810<\/span><\/p>\n<p>Ce d\u00e9cret marque la naissance du droit de l&rsquo;environnement dans nos contr\u00e9es, en rapport avec les activit\u00e9s industrielles.<\/p>\n<p><a href=\"http:\/\/xn--riveraindecarrire-6sb.be\/wp-content\/uploads\/2018\/02\/Decret-imperial-du-15-octobre-1810.pdf\">D\u00e9cret imp\u00e9rial du 15 octobre 1810<\/a><\/p>\n<p><span style=\"text-decoration: underline;\">1.5\/ Loi du 24 mai 1898 concernant la police et la surveillance des carri\u00e8res<\/span><\/p>\n<p>Cette loi et son arr\u00eat\u00e9 pr\u00e9voient pour la premi\u00e8re fois un enregistrement des carri\u00e8res.<\/p>\n<p>L&rsquo;arr\u00eat\u00e9 royal du 16 janvier 1899 est la source des \u00ab\u00a0donn\u00e9s-acte\u00a0\u00bb d&rsquo;anciennes carri\u00e8res, dont certaines sont encore en activit\u00e9.<\/p>\n<p><a href=\"http:\/\/xn--riveraindecarrire-6sb.be\/wp-content\/uploads\/2018\/02\/Loi-24-mai-1898-sur-la-police-tet-la-surveillance-des-carrieres.pdf\">Loi 24 mai 1898 sur la police te la surveillance des carri\u00e8res<\/a><\/p>\n<p><a href=\"http:\/\/xn--riveraindecarrire-6sb.be\/wp-content\/uploads\/2018\/02\/AR-du-13-janvier-1899-sur-la-police-et-surveillance-des-carrieres.pdf\">AR du 16 janvier 1899 sur la police et surveillance des carri\u00e8res<\/a><\/p>\n<p><a href=\"http:\/\/xn--riveraindecarrire-6sb.be\/wp-content\/uploads\/2018\/02\/Circulaire-du-18-fevrier-1899-aux-gouverneurs-des-provinces.pdf\">Circulaire du 18 f\u00e9vrier 1899 aux gouverneurs des provinces<\/a><\/p>\n<p>Plusieurs autre arr\u00eat\u00e9s royaux ont \u00e9t\u00e9 pris dans le cas de carri\u00e8res situ\u00e9es dans des voisinages particuliers (lignes de chemins, de fer, etc&#8230;)<\/p>\n<p>L&rsquo;arr\u00eat\u00e9 royal du 14 ao\u00fbt 1933 (voir ci-apr\u00e8s)\u00a0 a remplac\u00e9\u00a0 l&rsquo;arr\u00eat\u00e9 royal du\u00a0 16 janvier 1899 ainsi que les arr\u00eat\u00e9s particuliers mentionn\u00e9s ci-avant.<\/p>\n<p><a href=\"http:\/\/xn--riveraindecarrire-6sb.be\/wp-content\/uploads\/2018\/02\/AR-14-08-1933-sur-la-police-et-la-surverillance-des-carrieres.pdf\">AR 14-08-1933 sur la police et la surveillance des carri\u00e8res<\/a><\/p>\n<p><span style=\"text-decoration: underline;\">1.6\/Loi du 12 ao\u00fbt 1911 sur la beaut\u00e9 des paysages<\/span><\/p>\n<p>La premi\u00e8re l\u00e9gislation de protection de l&rsquo;environnement en mati\u00e8re de carri\u00e8re est la loi du 12 ao\u00fbt 1911 sur la beaut\u00e9 des paysages, que l&rsquo;on trouvera ci-dessous.<\/p>\n<p><a href=\"http:\/\/xn--riveraindecarrire-6sb.be\/wp-content\/uploads\/2018\/02\/Loi-du-12-ao\u00fbt-1911-sur-la-beaut\u00e9-des-paysages.pdf\">Loi du 12 ao\u00fbt 1911 sur la beaut\u00e9 des paysages<\/a><\/p>\n<p>Cette loi vient de faire l&rsquo;objet de deux applications jurisprudentielles, comme indiqu\u00e9 ci-apr\u00e8s.<\/p>\n<p>La particularit\u00e9 de cette loi est qu&rsquo;elle n&rsquo;impose pas d&rsquo;int\u00e9r\u00eat au sens des articles 17 et 18 du code judiciaire pour pouvoir introduire une demande en justice.<\/p>\n<p>L\u2019int\u00e9r\u00eat \u00e0 agir se d\u00e9finit en droit belge comme \u00e9tant tout avantage, mat\u00e9riel ou moral, effectif mais non th\u00e9orique que le demandeur peut retirer de la demande au moment o\u00f9 il la forme<a href=\"#_ftn1\" name=\"_ftnref1\">[1]<\/a>.<\/p>\n<p><a href=\"#_ftnref1\" name=\"_ftn1\">[1]<\/a> G. DE LEVAL, <em>El\u00e9ments de proc\u00e9dure civile<\/em>, Bruxelles, Larcier, 2003, p. 15.<\/p>\n<p>Il s&rsquo;agit souvent d&rsquo;une appr\u00e9ciation tr\u00e8s difficile, les juridictions estimant souvent que le demandeur n&rsquo;a pas d&rsquo;int\u00e9r\u00eat \u00e0 l&rsquo;action.<\/p>\n<p>La mise en action de cette loi est par contre ouverte \u00e0 tout le monde. C&rsquo;est ce que l&rsquo;on appelle l&rsquo;actio populari.<\/p>\n<p>On notera une tr\u00e8s int\u00e9ressante application de cette loi par le tribunal de premi\u00e8re instance de Li\u00e8ge (Civ. Li\u00e8ge, Div Verviers, 23 janvier 2018, Am\u00e9n, 2018, p.241) suivi par la cour d&rsquo;appel de Li\u00e8ge (Li\u00e8ge, 5 f\u00e9vrier 2019, Am\u00e9n,, 2020, p. 254)<\/p>\n<p>Il s&rsquo;agissait d&rsquo;une demande d&rsquo;am\u00e9nagement de berges en remblai, qui n&rsquo;avaient pas \u00e9t\u00e9 v\u00e9g\u00e9talis\u00e9s selon le permis d&rsquo;urbanisme.\u00a0 Le d\u00e9fendeur a \u00e9t\u00e9 condamn\u00e9 sans avoir \u00e9gard \u00e0 l&rsquo;int\u00e9r\u00eat du demandeur.<\/p>\n<p>Le jugement et l&rsquo;arr\u00eat sont transposables mutatis mutandis pour l&rsquo;am\u00e9nagement des buttes \u00e9crans, buttes et autres talus de carri\u00e8res.<\/p>\n<p><span style=\"text-decoration: underline;\">1.7\/ Lois coordonn\u00e9es du 15 septembre 1919 sur les mines, mini\u00e8res et carri\u00e8res<\/span><\/p>\n<p>La section 1\u00e8re du titre VIII a trait aux carri\u00e8res et n&rsquo;apporte pas grand chose de neuf par rapport aux l\u00e9gislations existantes, puisque qu&rsquo;il s&rsquo;agit d&rsquo;une coordination des l\u00e9gislations existantes par arr\u00eat\u00e9 royal.<\/p>\n<p><a href=\"http:\/\/xn--riveraindecarrire-6sb.be\/wp-content\/uploads\/2018\/02\/Loi-15-septembre-1919-sur-mines-mineres-et-carrieres.pdf\">Loi 15 septembre 1919 sur mines, mini\u00e8res et carri\u00e8res<\/a><\/p>\n<p><span style=\"text-decoration: underline;\">1.8\/ Loi du 05 mai 1888 relative \u00e0 l&rsquo;inspection des \u00e9tablissements dangereux + RGPT Titre I du 11-02-1946<\/span><\/p>\n<p>Cette loi est la base l\u00e9gale du RGPT, dont le titre Ier visait les \u00e9tablissement dangereux, incommodes ou insalubres<\/p>\n<p><a href=\"http:\/\/xn--riveraindecarrire-6sb.be\/wp-content\/uploads\/2018\/02\/Loi-du-05-mai-1888-sur-les-etablissements-dangereux.pdf\">Loi du 05 mai 1888 sur les \u00e9tablissements dangereux<\/a><\/p>\n<p>La cour de cassation a confirm\u00e9 le statut de base l\u00e9gale du RGPT dans son arr\u00eat du 3 mars 1990, reproduit ci-apr\u00e8s<\/p>\n<p><a href=\"http:\/\/xn--riveraindecarrire-6sb.be\/wp-content\/uploads\/2018\/02\/Cass-03-04-1990.pdf\">Cass 03-04-1990<\/a><\/p>\n<p>On trouvera ci-apr\u00e8s le titre Ier du RGPT<\/p>\n<p><a href=\"http:\/\/xn--riveraindecarrire-6sb.be\/wp-content\/uploads\/2018\/02\/RGPT-Titre-1.pdf\">RGPT &#8211; Titre 1<\/a><\/p>\n<p><span style=\"text-decoration: underline;\"><strong>2\/ L\u00e9gislation belge f\u00e9d\u00e9rale en mati\u00e8re d&rsquo;urbanisme\u00a0<\/strong><\/span><\/p>\n<p>Le domaine des carri\u00e8res a \u00e9t\u00e9 impact\u00e9 \u00e0 partir de 1962 par la l\u00e9gislation en mati\u00e8re de police administrative de l&rsquo;urbanisme, quant \u00e0 la modification sensible du relief du sol.<\/p>\n<p>L\u2019article 44 \u00a71er de la loi du 29 mars 1962 organique de l\u2019am\u00e9nagement du territoire et de l\u2019urbanisme (MB 12 avril 1962) a pr\u00e9vu :<\/p>\n<p><em>\u00ab Art 44 \u00a71<sup>er<\/sup>.\u00a0Nul ne peut, sans un permis pr\u00e9alable<\/em> <em>\u00e9crit et expr\u00e8s du coll\u00e8ge des bourgmestre et \u00e9chevins :<\/em><\/p>\n<p><em>(\u2026)<\/em><\/p>\n<ol start=\"2\">\n<li><em> d\u00e9boiser, modifier sensiblement le relief du sol;<\/em><\/li>\n<\/ol>\n<p><em>(\u2026)\u00a0\u00bb<\/em><\/p>\n<p><strong><span style=\"text-decoration: underline;\">3\/ L\u00e9gislation belge f\u00e9d\u00e9rale sur la s\u00e9curit\u00e9\/sant\u00e9 des travailleurs au sein des carri\u00e8res<\/span><\/strong><\/p>\n<p><a href=\"http:\/\/xn--riveraindecarrire-6sb.be\/wp-content\/uploads\/2018\/02\/AR-21-04-1989-Securite-personnel-extract-ciel-ouvert.pdf\">AR 21-04-1989 S\u00e9curit\u00e9 personnel extract ciel ouvert<\/a><\/p>\n<p><a href=\"http:\/\/xn--riveraindecarrire-6sb.be\/wp-content\/uploads\/2018\/02\/AR-06-01-1997-Indus-extract-ciel-ouvert.pdf\">AR 06-01-1997 Indus extract ciel ouvert<\/a><\/p>\n<p><a href=\"http:\/\/xn--riveraindecarrire-6sb.be\/wp-content\/uploads\/2018\/02\/AR-06-01-1997-Indus-extract-forage.pdf\">AR 06-01-1997 Indus extract forage<\/a><\/p>\n<p><strong><span style=\"text-decoration: underline;\">4\/ L\u00e9gislation belge f\u00e9d\u00e9rale en mati\u00e8re d&rsquo;explosifs<\/span><\/strong><\/p>\n<p>La base de la l\u00e9gislation se trouve dans la loi du 28 mai 1956 \u2018relative aux substances et m\u00e9langes explosibles ou susceptibles de d\u00e9flagrer et aux engins qui en sont charg\u00e9s.<\/p>\n<p>Les arr\u00eat\u00e9s royaux y aff\u00e9rents sont<\/p>\n<p>&#8211; L&rsquo;arr\u00eat\u00e9 royal du 23 septembre 1958\u00a0portant r\u00e8glement g\u00e9n\u00e9ral sur la fabrication, l&#8217;emmagasinage, la d\u00e9tention, le d\u00e9bit, le transport et l&#8217;emploi des produits explosifs.<\/p>\n<p><a href=\"http:\/\/xn--riveraindecarrire-6sb.be\/wp-content\/uploads\/2023\/05\/AR-23-septembre-1958.pdf\">AR 23 septembre 1958<\/a><\/p>\n<p>&#8211; L&rsquo;arr\u00eat\u00e9 royal du 4 ao\u00fbt 1959 r\u00e9glementant l&#8217;emploi en roche des explosifs dans les exploitations \u00e0 ciel ouvert des mini\u00e8res et carri\u00e8res<\/p>\n<p><a href=\"http:\/\/xn--riveraindecarrire-6sb.be\/wp-content\/uploads\/2023\/05\/AR-4-aout-1959.pdf\">AR 4 ao\u00fbt 1959<\/a><\/p>\n","protected":false},"excerpt":{"rendered":"<p>1\/ L\u00e9gislation belge f\u00e9d\u00e9rale sur l&rsquo;exploitation des carri\u00e8res (Environnement) 1.1\/ P\u00e9riode pr\u00e9c\u00e9dant la r\u00e9volution On trouvera ci-apr\u00e8s l&rsquo;excellente chronique historique des l\u00e9gislations en mati\u00e8re de mines et carri\u00e8res, r\u00e9dig\u00e9e par Monsieur Michel Mainjot, dont en particulier les \u00e9bauches de textes pr\u00e9c\u00e9dant la r\u00e9volution LegislationMines 1.2\/ Loi du 28 juillet 1791 sur les mines et mini\u00e8res &hellip; <\/p>\n<p class=\"link-more\"><a href=\"https:\/\/xn--riveraindecarrire-6sb.be\/index.php\/legislation\/legislation-belgique\/legislation-belge-federale\/\" class=\"more-link\">Continuer la lecture<span class=\"screen-reader-text\"> de &laquo;&nbsp;Droit belge f\u00e9d\u00e9ral&nbsp;&raquo;<\/span><\/a><\/p>\n","protected":false},"author":1,"featured_media":0,"parent":82,"menu_order":0,"comment_status":"closed","ping_status":"closed","template":"","meta":[],"_links":{"self":[{"href":"https:\/\/xn--riveraindecarrire-6sb.be\/index.php\/wp-json\/wp\/v2\/pages\/84"}],"collection":[{"href":"https:\/\/xn--riveraindecarrire-6sb.be\/index.php\/wp-json\/wp\/v2\/pages"}],"about":[{"href":"https:\/\/xn--riveraindecarrire-6sb.be\/index.php\/wp-json\/wp\/v2\/types\/page"}],"author":[{"embeddable":true,"href":"https:\/\/xn--riveraindecarrire-6sb.be\/index.php\/wp-json\/wp\/v2\/users\/1"}],"replies":[{"embeddable":true,"href":"https:\/\/xn--riveraindecarrire-6sb.be\/index.php\/wp-json\/wp\/v2\/comments?post=84"}],"version-history":[{"count":21,"href":"https:\/\/xn--riveraindecarrire-6sb.be\/index.php\/wp-json\/wp\/v2\/pages\/84\/revisions"}],"predecessor-version":[{"id":5468,"href":"https:\/\/xn--riveraindecarrire-6sb.be\/index.php\/wp-json\/wp\/v2\/pages\/84\/revisions\/5468"}],"up":[{"embeddable":true,"href":"https:\/\/xn--riveraindecarrire-6sb.be\/index.php\/wp-json\/wp\/v2\/pages\/82"}],"wp:attachment":[{"href":"https:\/\/xn--riveraindecarrire-6sb.be\/index.php\/wp-json\/wp\/v2\/media?parent=84"}],"curies":[{"name":"wp","href":"https:\/\/api.w.org\/{rel}","templated":true}]}}