{"id":78,"date":"2018-02-06T09:27:57","date_gmt":"2018-02-06T08:27:57","guid":{"rendered":"http:\/\/xn--riveraindecarrire-6sb.be\/?page_id=78"},"modified":"2023-01-29T11:18:47","modified_gmt":"2023-01-29T10:18:47","slug":"legislation-internationale","status":"publish","type":"page","link":"https:\/\/xn--riveraindecarrire-6sb.be\/index.php\/legislation\/legislation-internationale\/","title":{"rendered":"Droit international"},"content":{"rendered":"\n<p><strong>1\/ Convention n\u00b0176 du 22 juin 1995 de l&rsquo;organisation internationale du travail sur les mines<\/strong><\/p>\n\n\n\n<p>L&rsquo;organisation internationale du travail a adopt\u00e9 le 22 juin 1995 la convention 176 concernant la s\u00e9curit\u00e9 et la sant\u00e9 dans les mines, dont on trouvera le texte ci-dessous:<\/p>\n\n\n\n<p><a href=\"http:\/\/xn--riveraindecarrire-6sb.be\/wp-content\/uploads\/2018\/02\/Convention-176-22-06-1995-sur-mines.pdf\">Convention 176 22-06-1995 sur mines<\/a><\/p>\n\n\n\n<p>On notera que l&rsquo;article 1 pr\u00e9cise que la convention d&rsquo;applique aux sites d&rsquo;extraction \u00e0 ciel ouvert et non uniquement aux mines souterraines, comme on pourrait le penser.<\/p>\n\n\n\n<p>Un projet de loi a \u00e9t\u00e9 d\u00e9pos\u00e9 en date du 26 avril 2012 en vue de l&rsquo;assentiment par la Belgique \u00e0 cette convention, dont on trouvera le texte ci-dessous:<\/p>\n\n\n\n<p><a href=\"http:\/\/xn--riveraindecarrire-6sb.be\/wp-content\/uploads\/2018\/02\/TP-S\u00e9nat-convention-176-OIT.pdf\">TP S\u00e9nat convention 176 OIT<\/a><\/p>\n","protected":false},"excerpt":{"rendered":"<p>1\/ Convention n\u00b0176 du 22 juin 1995 de l&rsquo;organisation internationale du travail sur les mines L&rsquo;organisation internationale du travail a adopt\u00e9 le 22 juin 1995 la convention 176 concernant la s\u00e9curit\u00e9 et la sant\u00e9 dans les mines, dont on trouvera le texte ci-dessous: Convention 176 22-06-1995 sur mines On notera que l&rsquo;article 1 pr\u00e9cise que &hellip; <\/p>\n<p class=\"link-more\"><a href=\"https:\/\/xn--riveraindecarrire-6sb.be\/index.php\/legislation\/legislation-internationale\/\" class=\"more-link\">Continuer la lecture<span class=\"screen-reader-text\"> de &laquo;&nbsp;Droit international&nbsp;&raquo;<\/span><\/a><\/p>\n","protected":false},"author":1,"featured_media":0,"parent":9,"menu_order":0,"comment_status":"closed","ping_status":"closed","template":"","meta":[],"_links":{"self":[{"href":"https:\/\/xn--riveraindecarrire-6sb.be\/index.php\/wp-json\/wp\/v2\/pages\/78"}],"collection":[{"href":"https:\/\/xn--riveraindecarrire-6sb.be\/index.php\/wp-json\/wp\/v2\/pages"}],"about":[{"href":"https:\/\/xn--riveraindecarrire-6sb.be\/index.php\/wp-json\/wp\/v2\/types\/page"}],"author":[{"embeddable":true,"href":"https:\/\/xn--riveraindecarrire-6sb.be\/index.php\/wp-json\/wp\/v2\/users\/1"}],"replies":[{"embeddable":true,"href":"https:\/\/xn--riveraindecarrire-6sb.be\/index.php\/wp-json\/wp\/v2\/comments?post=78"}],"version-history":[{"count":3,"href":"https:\/\/xn--riveraindecarrire-6sb.be\/index.php\/wp-json\/wp\/v2\/pages\/78\/revisions"}],"predecessor-version":[{"id":4454,"href":"https:\/\/xn--riveraindecarrire-6sb.be\/index.php\/wp-json\/wp\/v2\/pages\/78\/revisions\/4454"}],"up":[{"embeddable":true,"href":"https:\/\/xn--riveraindecarrire-6sb.be\/index.php\/wp-json\/wp\/v2\/pages\/9"}],"wp:attachment":[{"href":"https:\/\/xn--riveraindecarrire-6sb.be\/index.php\/wp-json\/wp\/v2\/media?parent=78"}],"curies":[{"name":"wp","href":"https:\/\/api.w.org\/{rel}","templated":true}]}}