{"id":4520,"date":"2023-01-29T13:06:41","date_gmt":"2023-01-29T12:06:41","guid":{"rendered":"https:\/\/xn--riveraindecarrire-6sb.be\/?page_id=4520"},"modified":"2023-02-28T09:56:02","modified_gmt":"2023-02-28T08:56:02","slug":"analyse-du-volet-poussieres-dun-permis-carrier","status":"publish","type":"page","link":"https:\/\/xn--riveraindecarrire-6sb.be\/index.php\/analyse-juridique-dune-carriere\/elements-danalyse-scientifique-dun-permis-carrier\/analyse-du-volet-poussieres-dun-permis-carrier\/","title":{"rendered":"Analyse du volet qualit\u00e9 de l&rsquo;air d&rsquo;un permis carrier"},"content":{"rendered":"<p><strong><span style=\"text-decoration: underline;\">1\/ Probl\u00e9matique des poussi\u00e8res<\/span><\/strong><\/p>\n<p>Les poussi\u00e8res g\u00e9n\u00e9r\u00e9es par l&rsquo;activit\u00e9 carri\u00e8re repr\u00e9sente la principale probl\u00e9matique en mati\u00e8re de qualit\u00e9 de l&rsquo;air.<\/p>\n<p>On notera les points d&rsquo;attention suivants en la mati\u00e8re:<\/p>\n<ul>\n<li>Le DEIE devra indiquer clairement la composition du mat\u00e9riau qui va \u00eatre extrait du site carrier, en indiquant en particulier la teneur \u00e9ventuelle en silice cristalline.<\/li>\n<li><\/li>\n<li>Le DEIE devra, en cas de pr\u00e9sence de silice cristalline dans le mat\u00e9riau extrait, \u00e9clairer le lecteur&nbsp; quant au caract\u00e8re canc\u00e9rig\u00e8ne des PM 2,5 de la silice cristalline, comme repris\n<ul>\n<li>par le centre international de recherche sur le cancer<a href=\"#_ftn1\" name=\"_ftnref1\">[1]<\/a><\/li>\n<li>par la directive europ\u00e9enne sant\u00e9 et s\u00e9curit\u00e9 des travailleurs, la silice cristalline \u00e9tant reprise parmi les 18 substances canc\u00e9rig\u00e8nes au travail<a href=\"#_ftn2\" name=\"_ftnref2\">[2]<\/a><\/li>\n<li>par le code du bien-\u00eatre au travail<a href=\"#_ftn3\" name=\"_ftnref3\">[3]<\/a><\/li>\n<li><\/li>\n<\/ul>\n<\/li>\n<li>Le DEIE devra se positionner quant \u00e0 l\u2019importance de l\u2019\u00e9mission de PM 2,5 par \u00e9rosion \u00e9olienne, qui se monte \u00e0 20% des particules \u00e9mises, si l\u2019on se base sur les facteurs d\u2019\u00e9mission des stock-piles de l\u2019AP 42 de l\u2019EPA<\/li>\n<li><\/li>\n<li>Le DEIE devra comporter une \u00e9tude de dispersion tant en mati\u00e8re de poussi\u00e8res s\u00e9dimentables qu\u2019en mati\u00e8re de poussi\u00e8res inhalables (PM 10 et 2,5). Le DEIE devra pr\u00e9voir une mod\u00e9lisation de la dispersion des PM 10 et 2,5, comme certains services universitaires savent le faire (UMons \u2013 Facult\u00e9 polytechnique, par exemple).<\/li>\n<\/ul>\n<ul>\n<li>Le DEIE devra clairement justifier le seuil qui va \u00eatre pris en compte en mati\u00e8re de diffusion \u00e9ventuelle des PM 2,5 de silice cristalline au niveau des zones urbanis\u00e9es \u00e0 proximit\u00e9 du site d\u2019extraction pr\u00e9vu.<\/li>\n<\/ul>\n<p>Les DEIE prennent en g\u00e9n\u00e9ral une valeur de 3 microgrammes par m3 bas\u00e9e, selon ce qu\u2019il semble, sur une norme canadienne, alors que certains autres \u00e9tats arrivent beaucoup plus bas, l\u2019\u00e9tat du Vermont aux Etats-Unis d\u2019Am\u00e9rique indiquant par exemple qu\u2019une valeur de 0,12 microgramme par m3 ne peut \u00eatre d\u00e9pass\u00e9e au niveau des riverains, l\u2019absorption des PM 2,5 \u00e9tant, au contraire des travailleurs de la carri\u00e8re, continue et particuli\u00e8rement importante la nuit lorsque les poumons sont dilat\u00e9s.<\/p>\n<ul>\n<li>Le DEIE devra \u00e9galement se prononcer ce qui concerne les poussi\u00e8res respirables (PM 2,5), sur la recommandation des mesures continues ou \u00e0 intervalles r\u00e9guliers des PM 2,5 \u00e0 proximit\u00e9 des zones urbanis\u00e9es de la carri\u00e8re, avec une mesure particuli\u00e8re de la teneur \u00e9ventuelle en silice cristalline.<\/li>\n<\/ul>\n<ul>\n<li>Le DEIE devra aborder en ce qui concerne les pics d\u2019\u00e9mission de poussi\u00e8res respirables (PM 2,5), et particuli\u00e8rement pour la silice cristalline \u00e9ventuelle, la question des d\u00e9passements par pics, au cas o\u00f9 seulement un monitoring discontinu serait abord\u00e9 dans l\u2019EIE. Il est indiqu\u00e9 en effet que le DEIE pr\u00e9cise comment le nombre de d\u00e9passements par an ne sera pas exc\u00e9d\u00e9, selon les seuils repris \u00e0 l\u2019annexe III de l\u2019arr\u00eat\u00e9 du gouvernent wallon du 15 juillet 2010.<\/li>\n<\/ul>\n<ul>\n<li>Le DEIE devra aborder la probl\u00e9matique, tant en mati\u00e8re de poussi\u00e8res s\u00e9dimentables que de poussi\u00e8res alv\u00e9olaires, des p\u00e9riodes d\u2019inversion de temp\u00e9ratures , entrainant l\u2019absence de dispersion de ces poussi\u00e8res dans l\u2019atmosph\u00e8re.<\/li>\n<\/ul>\n<p>En particulier, le DEIE devra indiquer les mesures \u00e0 prendre pour obvier \u00e0 cette probl\u00e9matique<\/p>\n<ul>\n<li>Le DEIE devra aborder le r\u00e9am\u00e9nagement progressif au fur et \u00e0 mesure de l\u2019exploitation, avec v\u00e9g\u00e9talisation si possible, afin de limiter la surface d\u2019envol des poussi\u00e8res par \u00e9rosion.<\/li>\n<\/ul>\n<ul>\n<li>Le DEIE devra en ce qui concerne les \u00e9missions de poussi\u00e8res, aborder le plan de r\u00e9duction des \u00e9missions diffuses (PRED) qui ne manquera pas d\u2019\u00eatre impos\u00e9 par l\u2019autorit\u00e9.<\/li>\n<\/ul>\n<p>A cet \u00e9gard, il est de la plus haute importance que le DEIE \u00e9mette des recommandations quant aux options qui pourront \u00eatre prises afin de rencontrer un PRED impos\u00e9 par l\u2019autorit\u00e9.<\/p>\n<p><a href=\"#_ftnref1\" name=\"_ftn1\">[1]<\/a> International Agency for Research on Cancer&nbsp;: IARC monographs on the evaluation of carcinogenic risks to humans, Vol. 68, Silica, some silicates, coal dust and paraamid fibrils. Lyon: <em>International Agency for Research on Cancer,<\/em> 1997.<\/p>\n<p><a href=\"#_ftnref2\" name=\"_ftn2\">[2]<\/a> Annexe 1 de la <strong>directive 2004\/37<\/strong> du 29 avril 2004<\/p>\n<p><a href=\"#_ftnref3\" name=\"_ftn3\">[3]<\/a> Titre 2 du livre VI du code du bien-\u00eatre au travail a pour titre : \u00ab Agents canc\u00e9rig\u00e8nes et mutag\u00e8nes \u00bb.&nbsp;Tableau faisant office d\u2019annexe VI.2.3 \u00e0 l\u2019article VI.2.1 alin\u00e9a 3 reprend la silice cristalline.<\/p>\n","protected":false},"excerpt":{"rendered":"<p>1\/ Probl\u00e9matique des poussi\u00e8res Les poussi\u00e8res g\u00e9n\u00e9r\u00e9es par l&rsquo;activit\u00e9 carri\u00e8re repr\u00e9sente la principale probl\u00e9matique en mati\u00e8re de qualit\u00e9 de l&rsquo;air. On notera les points d&rsquo;attention suivants en la mati\u00e8re: Le DEIE devra indiquer clairement la composition du mat\u00e9riau qui va \u00eatre extrait du site carrier, en indiquant en particulier la teneur \u00e9ventuelle en silice cristalline. &hellip; <\/p>\n<p class=\"link-more\"><a href=\"https:\/\/xn--riveraindecarrire-6sb.be\/index.php\/analyse-juridique-dune-carriere\/elements-danalyse-scientifique-dun-permis-carrier\/analyse-du-volet-poussieres-dun-permis-carrier\/\" class=\"more-link\">Continuer la lecture<span class=\"screen-reader-text\"> de &laquo;&nbsp;Analyse du volet qualit\u00e9 de l&rsquo;air d&rsquo;un permis carrier&nbsp;&raquo;<\/span><\/a><\/p>\n","protected":false},"author":1,"featured_media":0,"parent":4480,"menu_order":0,"comment_status":"closed","ping_status":"closed","template":"","meta":[],"_links":{"self":[{"href":"https:\/\/xn--riveraindecarrire-6sb.be\/index.php\/wp-json\/wp\/v2\/pages\/4520"}],"collection":[{"href":"https:\/\/xn--riveraindecarrire-6sb.be\/index.php\/wp-json\/wp\/v2\/pages"}],"about":[{"href":"https:\/\/xn--riveraindecarrire-6sb.be\/index.php\/wp-json\/wp\/v2\/types\/page"}],"author":[{"embeddable":true,"href":"https:\/\/xn--riveraindecarrire-6sb.be\/index.php\/wp-json\/wp\/v2\/users\/1"}],"replies":[{"embeddable":true,"href":"https:\/\/xn--riveraindecarrire-6sb.be\/index.php\/wp-json\/wp\/v2\/comments?post=4520"}],"version-history":[{"count":27,"href":"https:\/\/xn--riveraindecarrire-6sb.be\/index.php\/wp-json\/wp\/v2\/pages\/4520\/revisions"}],"predecessor-version":[{"id":4714,"href":"https:\/\/xn--riveraindecarrire-6sb.be\/index.php\/wp-json\/wp\/v2\/pages\/4520\/revisions\/4714"}],"up":[{"embeddable":true,"href":"https:\/\/xn--riveraindecarrire-6sb.be\/index.php\/wp-json\/wp\/v2\/pages\/4480"}],"wp:attachment":[{"href":"https:\/\/xn--riveraindecarrire-6sb.be\/index.php\/wp-json\/wp\/v2\/media?parent=4520"}],"curies":[{"name":"wp","href":"https:\/\/api.w.org\/{rel}","templated":true}]}}